 = g - -12. Suppose 6*q + 15 = q, 2*f = -u*q + 38. Is 12 a factor of f?
False
Let r(p) be the second derivative of 7*p**3 + 2*p. Let z be r(1). Suppose -5*i - 51 = -2*j, 3*j - i - z = -5*i. Is j a multiple of 9?
True
Let a(l) = -l - 5*l - 5 + 2*l. Let z be 0 + 1 + -1 - 6. Is 10 a factor of a(z)?
False
Let u be 32/10 - 6/30. Let r(y) = -y**3 + 4*y**2 + y. Let s be r(u). Suppose -1 = o - s. Is o a multiple of 5?
False
Let z = 8 + -3. Suppose z*a - 46 = -6. Let t = 4 + a. Is t a multiple of 6?
True
Let i be 6 + (-3 - 1) - 2. Suppose -5*n = 4*h - 44 - 18, i = 5*h + 5*n - 75. Is h even?
False
Let u = 0 - -2. Suppose 0 = u*f - 1 - 9. Suppose -100 = -7*t + 4*t + 2*p, p = -f*t + 145. Is 15 a factor of t?
True
Suppose a - 56 = -2*a + 4*b, -2*b + 22 = a. Is 18 a factor of 232/10 - 4/a?
False
Suppose 0 = f - 4 - 0. Let z(x) = f*x + x + x**3 + 5 + 3*x**2 - 2*x - 6*x**2. Does 11 divide z(4)?
True
Is 8 + 5 + (-1 - 3) a multiple of 2?
False
Suppose -y = -6 + 2. Suppose -5*h - 84 = -y*z, -5*z + 90 = 3*h - 52. Is 10 a factor of z?
False
Suppose g - 212 = -4*s - g, -s + 44 = -4*g. Suppose 4*a + 84 = 4*j - 12, 0 = 4*a + 2*j + 96. Let o = s - a. Is o a multiple of 21?
False
Let i(p) = -5*p. Let t be i(-1). Let m(b) = t + 2*b**2 - 7*b - b**2 - 2*b**2. Is 2 a factor of m(-7)?
False
Let s(j) = j**3 + 9*j**2 + 4*j - 3. Is s(-8) a multiple of 12?
False
Suppose 0 = -c + 2 - 12. Let b be 174/9*6/4. Let z = c + b. Does 8 divide z?
False
Let v(r) = 8*r - 3. Suppose -5*c - 4*k = -5 - 30, 4*c + 8 = 4*k. Does 21 divide v(c)?
True
Suppose -2*a = 3*d - 36, -d + 19 = -5*a + 75. Is a a multiple of 5?
False
Let q(t) = -t**3 - 9*t**2 - 13*t - 9. Let s = 1 + -9. Is 16 a factor of q(s)?
False
Suppose 0*w + w = 0. Suppose 0 = 2*l - 4*g - 134, -5*l - 2*g + w*g + 359 = 0. Does 23 divide l?
False
Let y(i) = -i**3 - i + 29. Let z = 1 - 1. Let o be y(z). Is 13 a factor of o - 1 - 6/3?
True
Let a(u) = u**2 - u + 8. Let g be a(6). Let w = g - 26. Is 5 a factor of w?
False
Suppose -4*v = 4*m - 692, -2*v + 514 = -3*m + 6*m. Does 28 divide m?
True
Suppose 5*x = 51 + 59. Suppose -2*a = x - 88. Is a a multiple of 11?
True
Suppose 0 = -10*v + 8*v + 6. Let n be (9/(-12))/((-2)/8). Suppose -n*g + 169 = 4*p, 2*p - 3*p = -v*g - 61. Does 14 divide p?
False
Suppose 4*u = -2*b + 8, 0 = 4*u + 5*b - 1 - 19. Suppose v - 5*v - 24 = u. Let t(n) = -n**3 - 4*n**2 + 6*n - 3. Is t(v) a multiple of 12?
False
Suppose -3*x - 5 = -38. Let l be x*1/(-2)*-2. Let z = 16 - l. Is 3 a factor of z?
False
Suppose 0*t - 2*t + 330 = 0. Is t a multiple of 5?
True
Let c(t) = -t + 12. Let z be c(12). Suppose 2*h = -z*h + 12. Is h a multiple of 5?
False
Let q(o) = -o**2 + o - 1. Let s(v) = 9*v**2 - 7*v + 3. Let r(b) = 4*q(b) + s(b). Does 16 divide r(3)?
False
Suppose 5*f + 4*l - 63 = 0, 3*f - 18 - 18 = -3*l. Does 5 divide f?
True
Let w(k) = -k - 7. Let o be w(-4). Let v be (o - -6)/(3/5). Is (v/15)/((-1)/(-69)) a multiple of 14?
False
Let t(z) = z**2 - 10*z - 6. Let s be t(10). Let k(n) = -n**3 - 5*n**2 + 3*n + 7. Is 25 a factor of k(s)?
True
Suppose 4*l = 2*l - 4. Is l*2*(-371)/28 a multiple of 24?
False
Let l(h) = 102*h + 2. Is 9 a factor of l(1)?
False
Does 9 divide 6*28/6 - 1?
True
Suppose 2*v - 3 = 3*d, 0*d + 12 = -5*v + d. Let t(j) = 2*j**2 + 5*j + 4. Let z(k) = 6*k**2 + 15*k + 12. Let u(b) = -8*t(b) + 3*z(b). Is 7 a factor of u(v)?
True
Let m be (4/3)/((-8)/12). Is -4 + 26/m*-2 a multiple of 5?
False
Let y(t) = 47*t**2. Let z be y(1). Suppose o - 37 = z. Suppose -i = -5*i + o. Does 7 divide i?
True
Let z be -18 + 9 - 2/(-2). Does 23 divide ((-308)/z + 4)*2?
False
Suppose -2 = -i + 1. Let r(k) = 6*k + 1 + 6*k - i*k. Is 5 a factor of r(1)?
True
Suppose 5*j + 16 = 3*u - 3, 2*u = 4*j + 10. Suppose -3*w - v = -u, -3*v - 28 + 1 = -2*w. Is 12 a factor of 1/(-2) + 291/w?
True
Is 17 a factor of ((-102)/(-4))/((-21)/(-56))?
True
Let p(w) = w + 7. Let g be p(-6). Let h be -26*(g + -2 - 4). Suppose -6 = -4*m + h. Is 17 a factor of m?
True
Suppose 5*y - 28 = 4*y. Suppose 4*a = h - 35, 0 = 5*a + 4*h - 0 + y. Is 28 a factor of ((-10)/a - 3)*-16?
True
Let k(p) = -p**2 + 6*p + 9. Let z be k(7). Suppose -z*n + n + 33 = 2*q, -79 = -5*q + n. Does 16 divide q?
True
Suppose -2*q = 2*q + 40. Let s be (-5)/q + 7/2. Suppose -3*t = -3*l - 138 + 45, 153 = 5*t - s*l. Is t a multiple of 11?
False
Let b(u) = 2*u + 9. Let t be 2*2/4 - 1. Let q = t + 9. Is b(q) a multiple of 10?
False
Suppose -2*t = -7*t - 65. Let u be 5 + -4 + (-2)/(-2). Does 6 divide -2 - t - (-3 + u)?
True
Let s(a) = a**3 - 8*a**2 + 8*a - 6. Let t be s(7). Let o = t + -1. Suppose -3*w = -5*q - 30, o*w - w - q + 10 = 0. Is w a multiple of 10?
True
Let i(a) = -a**2 - 13*a + 1. Let d(f) = f - 1. Let t(v) = 3*d(v) + i(v). Let p be (-1)/(-2)*4 + -6. Does 9 divide t(p)?
False
Does 15 divide 12/(-1)*153/(-36)?
False
Is 12 a factor of 3 - 36*(-9)/6?
False
Suppose 0 = r - 4*o - 59, -5*r + 315 = -2*o - 34. Is r a multiple of 18?
False
Let m = 785 - 523. Does 14 divide m?
False
Suppose -321 = -4*j + 2*b - b, b = 2*j - 161. Suppose 4*f = 2*f + j. Suppose 0 = -o - 4*o + f. Is o a multiple of 8?
True
Let m = -580 + 999. Suppose j + 3*n + 283 = 3*j, 0 = -3*j - n + m. Suppose -j = -5*k - 0*k. Is 14 a factor of k?
True
Let r(m) be the second derivative of -m**3/6 - 3*m**2 - 2*m. Let u be r(-8). Is 9 a factor of 1*(0 + u + 9)?
False
Let m(c) = -c**2 + 13*c + 15. Is 15 a factor of m(10)?
True
Let q(r) = -r**2 + 80. Let y be q(0). Suppose -3*m = m + y. Does 6 divide (-29)/(-5) - 4/m?
True
Let u(j) = j**3 + 4*j**2 - 10*j - 3. Is u(-5) a multiple of 11?
True
Let z(j) be the second derivative of j**5/20 - 4*j**4/3 + 17*j**3/6 + 7*j**2/2 + 6*j. Does 11 divide z(15)?
False
Let l = 1 - 5. Let k(f) = -10*f - 5 + 2 + 1. Is k(l) a multiple of 15?
False
Let h be 1/(4/(-8)) - -5. Suppose 2*r + r + 24 = h*k, -k + 33 = 4*r. Is 13 a factor of k?
True
Suppose 5*d - 2*j + 13 = 2*d, 3*d = 3*j - 12. Let o = -3 - d. Let a = o + 0. Is a a multiple of 2?
True
Let a be (-1 + 42)/((-17)/(-34)). Let g = -9 + a. Does 15 divide g?
False
Suppose 320 = 2*t - 5*z, 3*t + 0*z - 522 = -3*z. Is 17 a factor of t?
True
Let u be -1 - -1*(2 - 1). Suppose t + u*t = s - 13, 0 = -2*s - 4*t - 4. Is s a multiple of 5?
False
Suppose t + l - 4*l + 11 = 0, -23 = -2*t - 3*l. Let w be ((-656)/20)/(t/(-10)). Suppose -2*a + 2*p + w = 0, 45 + 58 = 3*a + p. Is 13 a factor of a?
False
Let i(f) = -f**2 - 3*f + 3. Let s be i(-3). Suppose s*d - 5*d = -26. Let h = d + -5. Is h a multiple of 8?
True
Suppose 16*t = 13*t + 45. Does 2 divide t?
False
Suppose 0 = -3*q - 9 - 3. Let k be (-11)/(-2) + 2/q. Suppose 3 + k = h. Does 4 divide h?
True
Let f(o) = -o**3 - o**2 + 2. Let l be f(0). Suppose -l*h + h = -4. Suppose -3*p + h*p - 6 = 0. Does 6 divide p?
True
Suppose 4*b - 17 = 3*m, 0*m + m + 7 = 2*b. Let k be 3*b/((-6)/(-3)). Suppose 0 = k*s + 2*s - 45. Is 4 a factor of s?
False
Let d(z) = 4*z**2 + 0*z - 2*z - 2*z**2 - 1. Let x(v) = -v + 5. Let a be x(7). Is d(a) a multiple of 7?
False
Let z be (4/(-4))/(2/46). Suppose -c = -34 - 9. Let y = c + z. Is 10 a factor of y?
True
Suppose 3*u + 0 = 12. Suppose -14 - u = -j. Is j a multiple of 7?
False
Is 6 a factor of (-3213)/(-30) - 8/80?
False
Let c(o) = -o - 2*o + 2*o - 7. Let g be c(0). Let m = -4 - g. Is m even?
False
Let f be -16 + (3 - (0 + 2)). Is 15 a factor of f*1/(-2)*2?
True
Suppose 9*x + x - 240 = 0. Is 3 a factor of x?
True
Let k(m) = m**3 - 5*m**2 - 3*m. Is k(6) a multiple of 18?
True
Suppose 4*b = y - 15, -4*b = -3*b + 3. Suppose 0 = y*d - d - 78. Does 12 divide d?
False
Let h(g) = g**3 - 4*g**2 + 3*g - 1. Let j = 4 - 0. Is 5 a factor of h(j)?
False
Suppose -2*w + 7*w - 135 = 0. Does 10 divide (w/(-6))/(6/(-32))?
False
Suppose -2*z + 28 = -z. Is z a multiple of 7?
True
Let d(s) = -s**3 + 6*s**2 - 3*s + 9. Let z be d(6). Let v be 2/3 - 21/z. Suppose -m - 33 = -5*b + 30, -5*b + 51 = v*m. Does 12 divide b?
True
Let m(q) = q**3 + q**2 - 5*q + 1. Let j be m(-4). Let a = j - -35. Is 3 a factor of a?
False
Suppose -3*w + 0*q + q + 6 = 0, -15 = -3*w - 2*q. Let s be (99/4)/(w/(-8)). Let a = -29 - s. Is a a multiple of 22?
False
Let h = 152 - 83. Does 7 divide h?
False
Suppose -4*c = -1 + 9. Let g(p) = -p**2 - 5*p - 1. Is g(c) a multiple of 5?
True
Let c(t) be the first derivative of -t**4/4 + 2*t**3 - 2*t**2 -